{"id":244,"date":"2022-01-16T13:58:01","date_gmt":"2022-01-16T13:58:01","guid":{"rendered":"http:\/\/wordpress.para-agility.nl\/?page_id=244"},"modified":"2022-01-20T20:41:42","modified_gmt":"2022-01-20T20:41:42","slug":"9e-paragility-world-championship-2010","status":"publish","type":"page","link":"http:\/\/para-agility.nl\/?page_id=244","title":{"rendered":"9e ParAgility World Championship 2010"},"content":{"rendered":"\n<figure class=\"wp-block-image size-full is-resized\"><img loading=\"lazy\" decoding=\"async\" src=\"http:\/\/para-agility.nl\/wp-content\/uploads\/2021\/11\/image-20.png\" alt=\"\" class=\"wp-image-245\" width=\"366\" height=\"330\" srcset=\"http:\/\/para-agility.nl\/wp-content\/uploads\/2021\/11\/image-20.png 386w, http:\/\/para-agility.nl\/wp-content\/uploads\/2021\/11\/image-20-300x270.png 300w\" sizes=\"auto, (max-width: 366px) 100vw, 366px\" \/><figcaption><strong><em>11e IMCA &amp; 9e PAWC 2010<br>01-09-10 t\/m 04-09-10 in Fr\u00e4schels, Zwitserland<\/em><\/strong><\/figcaption><\/figure>\n\n\n\n<p>Voor de eerste keer georganiseerd door Zwitserland met meer dan 200 deelnemers uit de volgende landen: Belgi\u00eb, Duitsland, Finland, Frankrijk, Hongarije, Itali\u00eb, Oostenrijk, Republiek San Marino, Spanje, Tsjechi\u00eb, United Kingdom, Zwitserland en uiteraard een heel team vanuit Nederland.<\/p>\n\n\n\n<figure class=\"wp-block-image size-full\"><img loading=\"lazy\" decoding=\"async\" width=\"868\" height=\"580\" src=\"http:\/\/para-agility.nl\/wp-content\/uploads\/2021\/11\/image-21.png\" alt=\"\" class=\"wp-image-246\" srcset=\"http:\/\/para-agility.nl\/wp-content\/uploads\/2021\/11\/image-21.png 868w, http:\/\/para-agility.nl\/wp-content\/uploads\/2021\/11\/image-21-300x200.png 300w, http:\/\/para-agility.nl\/wp-content\/uploads\/2021\/11\/image-21-768x513.png 768w\" sizes=\"auto, (max-width: 767px) 89vw, (max-width: 1000px) 54vw, (max-width: 1071px) 543px, 580px\" \/><figcaption><strong><em>Keurmeesters voor dit jaar waren Max Heiniger<br>(4e van links) uit Zwitserland en gastkeurmeesters Peter Borsje (2e van links) uit Nederland en Dimitri Vanblaere (2e van rechts) uit Belgi\u00eb.<br>Allen met hele mooie parkoersen zowel voor de IMCA als PAWC.<\/em><\/strong><\/figcaption><\/figure>\n\n\n\n<p>Voor de ParAgility World Cup dit jaar 53 deelnemers, waaronder veel bekenden van voorgaande jaren maar ook weer nieuwe inschrijvingen.<\/p>\n\n\n\n<figure class=\"wp-block-image size-full\"><img loading=\"lazy\" decoding=\"async\" width=\"938\" height=\"624\" src=\"http:\/\/para-agility.nl\/wp-content\/uploads\/2021\/11\/image-22.png\" alt=\"\" class=\"wp-image-247\" srcset=\"http:\/\/para-agility.nl\/wp-content\/uploads\/2021\/11\/image-22.png 938w, http:\/\/para-agility.nl\/wp-content\/uploads\/2021\/11\/image-22-300x200.png 300w, http:\/\/para-agility.nl\/wp-content\/uploads\/2021\/11\/image-22-768x511.png 768w\" sizes=\"auto, (max-width: 767px) 89vw, (max-width: 1000px) 54vw, (max-width: 1071px) 543px, 580px\" \/><figcaption><strong><em>Nederlands Team IMCA &amp; PAWC 2010<\/em><\/strong><\/figcaption><\/figure>\n\n\n\n<p>Dit jaar een prijs voor het land met de beste totaal-resultaten betreft PAWC welk ging naar Zwitserland. Itali\u00eb behaalde de landenprijs betreft beste totaal-resultaten IMCA.<\/p>\n\n\n\n<figure class=\"wp-block-image size-full\"><img loading=\"lazy\" decoding=\"async\" width=\"938\" height=\"624\" src=\"http:\/\/para-agility.nl\/wp-content\/uploads\/2021\/11\/image-23.png\" alt=\"\" class=\"wp-image-248\" srcset=\"http:\/\/para-agility.nl\/wp-content\/uploads\/2021\/11\/image-23.png 938w, http:\/\/para-agility.nl\/wp-content\/uploads\/2021\/11\/image-23-300x200.png 300w, http:\/\/para-agility.nl\/wp-content\/uploads\/2021\/11\/image-23-768x511.png 768w\" sizes=\"auto, (max-width: 767px) 89vw, (max-width: 1000px) 54vw, (max-width: 1071px) 543px, 580px\" \/><figcaption><em><strong>Volgend jaar zal de 12e IMCA &amp; 10e PAWC 2011 georganiseerd worden in Nederland<\/strong><\/em><\/figcaption><\/figure>\n\n\n\n<ul class=\"wp-block-list\"><li><a href=\"http:\/\/para-agility.nl\/?page_id=633\"><strong>Terug naar Pagina: Alle informatie PAWC<\/strong><\/a><\/li><\/ul>\n","protected":false},"excerpt":{"rendered":"<p>Voor de eerste keer georganiseerd door Zwitserland met meer dan 200 deelnemers uit de volgende landen: Belgi\u00eb, Duitsland, Finland, Frankrijk, Hongarije, Itali\u00eb, Oostenrijk, Republiek San Marino, Spanje, Tsjechi\u00eb, United Kingdom, Zwitserland en uiteraard een heel team vanuit Nederland. Voor de ParAgility World Cup dit jaar 53 deelnemers, waaronder veel bekenden van voorgaande jaren maar ook &hellip; <\/p>\n<p class=\"link-more\"><a href=\"http:\/\/para-agility.nl\/?page_id=244\" class=\"more-link\">Lees verder <span class=\"screen-reader-text\">&#8220;9e ParAgility World Championship 2010&#8221;<\/span><\/a><\/p>\n","protected":false},"author":1,"featured_media":0,"parent":0,"menu_order":0,"comment_status":"closed","ping_status":"closed","template":"","meta":{"footnotes":""},"class_list":["post-244","page","type-page","status-publish","hentry"],"_links":{"self":[{"href":"http:\/\/para-agility.nl\/index.php?rest_route=\/wp\/v2\/pages\/244","targetHints":{"allow":["GET"]}}],"collection":[{"href":"http:\/\/para-agility.nl\/index.php?rest_route=\/wp\/v2\/pages"}],"about":[{"href":"http:\/\/para-agility.nl\/index.php?rest_route=\/wp\/v2\/types\/page"}],"author":[{"embeddable":true,"href":"http:\/\/para-agility.nl\/index.php?rest_route=\/wp\/v2\/users\/1"}],"replies":[{"embeddable":true,"href":"http:\/\/para-agility.nl\/index.php?rest_route=%2Fwp%2Fv2%2Fcomments&post=244"}],"version-history":[{"count":11,"href":"http:\/\/para-agility.nl\/index.php?rest_route=\/wp\/v2\/pages\/244\/revisions"}],"predecessor-version":[{"id":1578,"href":"http:\/\/para-agility.nl\/index.php?rest_route=\/wp\/v2\/pages\/244\/revisions\/1578"}],"wp:attachment":[{"href":"http:\/\/para-agility.nl\/index.php?rest_route=%2Fwp%2Fv2%2Fmedia&parent=244"}],"curies":[{"name":"wp","href":"https:\/\/api.w.org\/{rel}","templated":true}]}}