{"id":264,"date":"2022-01-16T14:00:38","date_gmt":"2022-01-16T14:00:38","guid":{"rendered":"http:\/\/wordpress.para-agility.nl\/?page_id=264"},"modified":"2022-01-20T20:48:04","modified_gmt":"2022-01-20T20:48:04","slug":"11e-paragility-world-championship-2012","status":"publish","type":"page","link":"http:\/\/para-agility.nl\/?page_id=264","title":{"rendered":"11e ParAgility World Championship 2012"},"content":{"rendered":"\n<figure class=\"wp-block-image size-full\"><img loading=\"lazy\" decoding=\"async\" width=\"700\" height=\"440\" src=\"http:\/\/para-agility.nl\/wp-content\/uploads\/2021\/11\/image-32.png\" alt=\"\" class=\"wp-image-265\" srcset=\"http:\/\/para-agility.nl\/wp-content\/uploads\/2021\/11\/image-32.png 700w, http:\/\/para-agility.nl\/wp-content\/uploads\/2021\/11\/image-32-300x189.png 300w\" sizes=\"auto, (max-width: 700px) 100vw, 700px\" \/><figcaption><strong><em>13e IMCA &amp; 11e PAWC 2012<br>30-08 t\/m 02-09-2012 in Wieze, Belgi\u00eb<\/em><\/strong><\/figcaption><\/figure>\n\n\n\n<figure class=\"wp-block-image size-full\"><img loading=\"lazy\" decoding=\"async\" width=\"938\" height=\"624\" src=\"http:\/\/para-agility.nl\/wp-content\/uploads\/2021\/11\/image-33.png\" alt=\"\" class=\"wp-image-266\" srcset=\"http:\/\/para-agility.nl\/wp-content\/uploads\/2021\/11\/image-33.png 938w, http:\/\/para-agility.nl\/wp-content\/uploads\/2021\/11\/image-33-300x200.png 300w, http:\/\/para-agility.nl\/wp-content\/uploads\/2021\/11\/image-33-768x511.png 768w\" sizes=\"auto, (max-width: 767px) 89vw, (max-width: 1000px) 54vw, (max-width: 1071px) 543px, 580px\" \/><figcaption><em><strong>sluitingsceremonie na een geweldig 4-daags agility evenement!<\/strong><\/em><\/figcaption><\/figure>\n\n\n\n<p>Voor de eerste keer waren we te gast in Belgi\u00eb, in de Oktoberhallen te Wieze.<br>Dit jaar deelnemers voor IMCA &amp; PAWC uit: Duitsland, Engeland, Finland, Frankrijk, Hongarije, Itali\u00eb, Nederland, Oostenrijk, Sloveni\u00eb, Spanje, Tsjechi\u00eb, Zwitserland en natuurlijk een team vanuit thuisland Belgi\u00eb.<\/p>\n\n\n\n<p>Maar ook een heel team vanuit Japan voor IMCA en voor PAWC nieuw de landen Denemarken en Rusland!<\/p>\n\n\n\n<figure class=\"wp-block-image size-full\"><img loading=\"lazy\" decoding=\"async\" width=\"615\" height=\"411\" src=\"http:\/\/para-agility.nl\/wp-content\/uploads\/2021\/11\/image-34.png\" alt=\"\" class=\"wp-image-267\" srcset=\"http:\/\/para-agility.nl\/wp-content\/uploads\/2021\/11\/image-34.png 615w, http:\/\/para-agility.nl\/wp-content\/uploads\/2021\/11\/image-34-300x200.png 300w\" sizes=\"auto, (max-width: 615px) 100vw, 615px\" \/><figcaption><strong><em><br><strong><em>PAWC team Denemarken<\/em><\/strong><\/em><\/strong><\/figcaption><\/figure>\n\n\n\n<figure class=\"wp-block-image size-full\"><img loading=\"lazy\" decoding=\"async\" width=\"614\" height=\"411\" src=\"http:\/\/para-agility.nl\/wp-content\/uploads\/2021\/11\/image-35.png\" alt=\"\" class=\"wp-image-268\" srcset=\"http:\/\/para-agility.nl\/wp-content\/uploads\/2021\/11\/image-35.png 614w, http:\/\/para-agility.nl\/wp-content\/uploads\/2021\/11\/image-35-300x201.png 300w\" sizes=\"auto, (max-width: 614px) 100vw, 614px\" \/><figcaption><strong><em>IMCA team Japan<\/em><\/strong><\/figcaption><\/figure>\n\n\n\n<figure class=\"wp-block-image size-full\"><img loading=\"lazy\" decoding=\"async\" width=\"614\" height=\"413\" src=\"http:\/\/para-agility.nl\/wp-content\/uploads\/2021\/11\/image-36.png\" alt=\"\" class=\"wp-image-269\" srcset=\"http:\/\/para-agility.nl\/wp-content\/uploads\/2021\/11\/image-36.png 614w, http:\/\/para-agility.nl\/wp-content\/uploads\/2021\/11\/image-36-300x202.png 300w\" sizes=\"auto, (max-width: 614px) 100vw, 614px\" \/><figcaption><strong><em>PAWC team Rusland<\/em><\/strong><\/figcaption><\/figure>\n\n\n\n<figure class=\"wp-block-image size-full\"><img loading=\"lazy\" decoding=\"async\" width=\"938\" height=\"624\" src=\"http:\/\/para-agility.nl\/wp-content\/uploads\/2021\/11\/image-37.png\" alt=\"\" class=\"wp-image-270\" srcset=\"http:\/\/para-agility.nl\/wp-content\/uploads\/2021\/11\/image-37.png 938w, http:\/\/para-agility.nl\/wp-content\/uploads\/2021\/11\/image-37-300x200.png 300w, http:\/\/para-agility.nl\/wp-content\/uploads\/2021\/11\/image-37-768x511.png 768w\" sizes=\"auto, (max-width: 767px) 89vw, (max-width: 1000px) 54vw, (max-width: 1071px) 543px, 580px\" \/><figcaption><strong><em>Keurmeesters voor IMCA &amp; PAWC 2012 waren van links naar rechts:<br>Roger van de Laarschot<br>(Nederland)<br>Walter Casier (Belgi\u00eb)<br>David Hutchinson<br>(United Kingdom)<br>Enthousiast gekeurd zowel IMCA als PAWC!<\/em><\/strong><\/figcaption><\/figure>\n\n\n\n<p>Voor de 11e PAWC totaal 89 deelnemende honden uit 15 landen, vele bekende gezichten maar ook veel nieuwe deelnemers!<br>Het aantal handlers met een beperking die de stap zetten om in te schrijven voor de PAWC ook dit jaar weer enorm toegenomen!<\/p>\n\n\n\n<p><strong><em>Deelnemers voor het<br>Nederlands PAWC Team:<\/em><\/strong><br>Elvera Avenhuis-Jansen met haar hond Mliss<br>Rob Barelds met zijn hond Owen<br>Ben van den Bos met zijn hond Falco<br>Jacqueline Brachwitz- Stoter met haar hond Roxy<br>Mickenson Delsink met zijn hond Gwydion en Tico<br>Jeanne Demage met haar hond Tommie<br>Yvonne Dozeman met haar hond Ynah<br>Jannie van Dijk met haar hond Max<br>Sharon Erenstein met haar hond Kyona en Jigsaw<br>Patricia Fuchs met haar hond Kyone en Evi<br>Jannie van Heuven-Kuiper met haar hond Csardas<br>Resi Kompier met haar hond Govert<br>Sarah van Leliveld met haar hond Sky<br>Joke Nagelkerken met haar hond Zizo<br>Susan Rekveld met haar hond Joep en Joy<br>Elizabeth Sijmons met haar hond Mats en Tjalle<br>Monique Slegtenhorst met haar hond Fire en Mowin<br>Jeanette Wesselius met haar hond Fenna<\/p>\n\n\n\n<figure class=\"wp-block-image size-full\"><img loading=\"lazy\" decoding=\"async\" width=\"629\" height=\"418\" src=\"http:\/\/para-agility.nl\/wp-content\/uploads\/2021\/11\/image-38.png\" alt=\"\" class=\"wp-image-271\" srcset=\"http:\/\/para-agility.nl\/wp-content\/uploads\/2021\/11\/image-38.png 629w, http:\/\/para-agility.nl\/wp-content\/uploads\/2021\/11\/image-38-300x199.png 300w\" sizes=\"auto, (max-width: 629px) 100vw, 629px\" \/><figcaption><strong><em>Mickenson Delsink, jongste deelnemer van het<br>Nederlands PAWC Team<\/em><\/strong><\/figcaption><\/figure>\n\n\n\n<figure class=\"wp-block-image size-full\"><img loading=\"lazy\" decoding=\"async\" width=\"755\" height=\"439\" src=\"http:\/\/para-agility.nl\/wp-content\/uploads\/2021\/11\/image-39.png\" alt=\"\" class=\"wp-image-272\" srcset=\"http:\/\/para-agility.nl\/wp-content\/uploads\/2021\/11\/image-39.png 755w, http:\/\/para-agility.nl\/wp-content\/uploads\/2021\/11\/image-39-300x174.png 300w\" sizes=\"auto, (max-width: 706px) 89vw, (max-width: 767px) 82vw, 740px\" \/><figcaption><strong><em>Volgend jaar zal Hongarije (voor de 3e keer) het gastland zijn voor de 14e IMCA &amp; 12e PAWC 2013 in Gyula!<\/em><\/strong><\/figcaption><\/figure>\n\n\n\n<ul class=\"wp-block-list\"><li><a href=\"http:\/\/para-agility.nl\/?page_id=633\"><strong>Terug naar Pagina: Alle informatie PAWC<\/strong><\/a><\/li><\/ul>\n","protected":false},"excerpt":{"rendered":"<p>Voor de eerste keer waren we te gast in Belgi\u00eb, in de Oktoberhallen te Wieze.Dit jaar deelnemers voor IMCA &amp; PAWC uit: Duitsland, Engeland, Finland, Frankrijk, Hongarije, Itali\u00eb, Nederland, Oostenrijk, Sloveni\u00eb, Spanje, Tsjechi\u00eb, Zwitserland en natuurlijk een team vanuit thuisland Belgi\u00eb. Maar ook een heel team vanuit Japan voor IMCA en voor PAWC nieuw de &hellip; <\/p>\n<p class=\"link-more\"><a href=\"http:\/\/para-agility.nl\/?page_id=264\" class=\"more-link\">Lees verder <span class=\"screen-reader-text\">&#8220;11e ParAgility World Championship 2012&#8221;<\/span><\/a><\/p>\n","protected":false},"author":1,"featured_media":0,"parent":0,"menu_order":0,"comment_status":"closed","ping_status":"closed","template":"","meta":{"footnotes":""},"class_list":["post-264","page","type-page","status-publish","hentry"],"_links":{"self":[{"href":"http:\/\/para-agility.nl\/index.php?rest_route=\/wp\/v2\/pages\/264","targetHints":{"allow":["GET"]}}],"collection":[{"href":"http:\/\/para-agility.nl\/index.php?rest_route=\/wp\/v2\/pages"}],"about":[{"href":"http:\/\/para-agility.nl\/index.php?rest_route=\/wp\/v2\/types\/page"}],"author":[{"embeddable":true,"href":"http:\/\/para-agility.nl\/index.php?rest_route=\/wp\/v2\/users\/1"}],"replies":[{"embeddable":true,"href":"http:\/\/para-agility.nl\/index.php?rest_route=%2Fwp%2Fv2%2Fcomments&post=264"}],"version-history":[{"count":10,"href":"http:\/\/para-agility.nl\/index.php?rest_route=\/wp\/v2\/pages\/264\/revisions"}],"predecessor-version":[{"id":1589,"href":"http:\/\/para-agility.nl\/index.php?rest_route=\/wp\/v2\/pages\/264\/revisions\/1589"}],"wp:attachment":[{"href":"http:\/\/para-agility.nl\/index.php?rest_route=%2Fwp%2Fv2%2Fmedia&parent=264"}],"curies":[{"name":"wp","href":"https:\/\/api.w.org\/{rel}","templated":true}]}}