{"id":308,"date":"2022-01-16T14:21:49","date_gmt":"2022-01-16T14:21:49","guid":{"rendered":"http:\/\/wordpress.para-agility.nl\/?page_id=308"},"modified":"2022-01-20T20:52:12","modified_gmt":"2022-01-20T20:52:12","slug":"16e-paragility-world-championship-2017","status":"publish","type":"page","link":"http:\/\/para-agility.nl\/?page_id=308","title":{"rendered":"16e ParAgility World Championship 2017"},"content":{"rendered":"\n<figure class=\"wp-block-image size-large\"><img loading=\"lazy\" decoding=\"async\" width=\"1024\" height=\"194\" src=\"http:\/\/para-agility.nl\/wp-content\/uploads\/2021\/11\/image-57-1024x194.png\" alt=\"\" class=\"wp-image-309\" srcset=\"http:\/\/para-agility.nl\/wp-content\/uploads\/2021\/11\/image-57-1024x194.png 1024w, http:\/\/para-agility.nl\/wp-content\/uploads\/2021\/11\/image-57-300x57.png 300w, http:\/\/para-agility.nl\/wp-content\/uploads\/2021\/11\/image-57-768x146.png 768w, http:\/\/para-agility.nl\/wp-content\/uploads\/2021\/11\/image-57-1536x292.png 1536w, http:\/\/para-agility.nl\/wp-content\/uploads\/2021\/11\/image-57.png 1570w\" sizes=\"auto, (max-width: 767px) 89vw, (max-width: 1000px) 54vw, (max-width: 1071px) 543px, 580px\" \/><figcaption><strong><em>18e IMCA &amp; 16e PAWC 2017<br>24 t\/m 27 augustus 2017 in Tattendorf, Oostenrijk<\/em><\/strong><\/figcaption><\/figure>\n\n\n\n<p>Totaal 15 deelnemende landen met iets meer dan 250 deelnemers uit Belgi\u00eb,Canada, Oostenrijk Tsjechi\u00eb, Duitsland, Finland, Frankrijk, Hongarije, Itali\u00eb, Rusland, Slowakia, Spanje, Zwitserland, Engeland en natuurlijk het team uit Nederland.<\/p>\n\n\n\n<figure class=\"wp-block-image size-full\"><img loading=\"lazy\" decoding=\"async\" width=\"1003\" height=\"754\" src=\"http:\/\/para-agility.nl\/wp-content\/uploads\/2021\/11\/image-58.png\" alt=\"\" class=\"wp-image-310\" srcset=\"http:\/\/para-agility.nl\/wp-content\/uploads\/2021\/11\/image-58.png 1003w, http:\/\/para-agility.nl\/wp-content\/uploads\/2021\/11\/image-58-300x226.png 300w, http:\/\/para-agility.nl\/wp-content\/uploads\/2021\/11\/image-58-768x577.png 768w\" sizes=\"auto, (max-width: 767px) 89vw, (max-width: 1000px) 54vw, (max-width: 1071px) 543px, 580px\" \/><figcaption><strong><em>Hal in Tattendorf<\/em><\/strong><\/figcaption><\/figure>\n\n\n\n<figure class=\"wp-block-image size-full\"><img loading=\"lazy\" decoding=\"async\" width=\"1000\" height=\"754\" src=\"http:\/\/para-agility.nl\/wp-content\/uploads\/2021\/11\/image-59.png\" alt=\"\" class=\"wp-image-311\" srcset=\"http:\/\/para-agility.nl\/wp-content\/uploads\/2021\/11\/image-59.png 1000w, http:\/\/para-agility.nl\/wp-content\/uploads\/2021\/11\/image-59-300x226.png 300w, http:\/\/para-agility.nl\/wp-content\/uploads\/2021\/11\/image-59-768x579.png 768w\" sizes=\"auto, (max-width: 767px) 89vw, (max-width: 1000px) 54vw, (max-width: 1071px) 543px, 580px\" \/><\/figure>\n\n\n\n<figure class=\"wp-block-image size-large\"><img loading=\"lazy\" decoding=\"async\" width=\"1024\" height=\"766\" src=\"http:\/\/para-agility.nl\/wp-content\/uploads\/2021\/11\/image-60-1024x766.png\" alt=\"\" class=\"wp-image-312\" srcset=\"http:\/\/para-agility.nl\/wp-content\/uploads\/2021\/11\/image-60-1024x766.png 1024w, http:\/\/para-agility.nl\/wp-content\/uploads\/2021\/11\/image-60-300x224.png 300w, http:\/\/para-agility.nl\/wp-content\/uploads\/2021\/11\/image-60-768x574.png 768w, http:\/\/para-agility.nl\/wp-content\/uploads\/2021\/11\/image-60.png 1161w\" sizes=\"auto, (max-width: 767px) 89vw, (max-width: 1000px) 54vw, (max-width: 1071px) 543px, 580px\" \/><figcaption><strong><em>Keurmeesters van de IMCA &amp; PAWC 2017:<br>vlnr: Michael Meisel (Oostenrijk), Arnaldo Benini (Italy), Paul Hinchley (Engeland), Eduard Meisel (Oostenrijk)<\/em><\/strong><\/figcaption><\/figure>\n\n\n\n<figure class=\"wp-block-image size-large\"><img loading=\"lazy\" decoding=\"async\" width=\"1024\" height=\"690\" src=\"http:\/\/para-agility.nl\/wp-content\/uploads\/2021\/11\/image-61-1024x690.png\" alt=\"\" class=\"wp-image-313\" srcset=\"http:\/\/para-agility.nl\/wp-content\/uploads\/2021\/11\/image-61-1024x690.png 1024w, http:\/\/para-agility.nl\/wp-content\/uploads\/2021\/11\/image-61-300x202.png 300w, http:\/\/para-agility.nl\/wp-content\/uploads\/2021\/11\/image-61-768x517.png 768w, http:\/\/para-agility.nl\/wp-content\/uploads\/2021\/11\/image-61.png 1401w\" sizes=\"auto, (max-width: 767px) 89vw, (max-width: 1000px) 54vw, (max-width: 1071px) 543px, 580px\" \/><figcaption><strong><em><code>Nederlands PAWC Team 2017:<\/code><br>Yvonne Dozeman met Yunah &amp; Kailay<br>Sharon Erenstein met Taboo &amp; Jigsaw<br>Sarah van leliveld met Sky<br>Jeroen Koerman met Bo &amp; Finn<br>Susan Rekveld met Joy<br>Margot Seifert met Luna &amp; Quinto<br>Erik Stoeten met Craig &amp; Chu&#8217;s<br>Corina Westveer met Morrey<br>Caroline Vink met Viktor<br>Teamleider: Verena Boom<br>Coach: Nienke Dennenberg<\/em><\/strong><\/figcaption><\/figure>\n\n\n\n<ul class=\"wp-block-list\"><li><a href=\"http:\/\/para-agility.nl\/?page_id=633\"><strong>Terug naar Pagina: Alle informatie PAWC<\/strong><\/a><\/li><\/ul>\n","protected":false},"excerpt":{"rendered":"<p>Totaal 15 deelnemende landen met iets meer dan 250 deelnemers uit Belgi\u00eb,Canada, Oostenrijk Tsjechi\u00eb, Duitsland, Finland, Frankrijk, Hongarije, Itali\u00eb, Rusland, Slowakia, Spanje, Zwitserland, Engeland en natuurlijk het team uit Nederland. Terug naar Pagina: Alle informatie PAWC<\/p>\n","protected":false},"author":1,"featured_media":0,"parent":0,"menu_order":0,"comment_status":"closed","ping_status":"closed","template":"","meta":{"footnotes":""},"class_list":["post-308","page","type-page","status-publish","hentry"],"_links":{"self":[{"href":"http:\/\/para-agility.nl\/index.php?rest_route=\/wp\/v2\/pages\/308","targetHints":{"allow":["GET"]}}],"collection":[{"href":"http:\/\/para-agility.nl\/index.php?rest_route=\/wp\/v2\/pages"}],"about":[{"href":"http:\/\/para-agility.nl\/index.php?rest_route=\/wp\/v2\/types\/page"}],"author":[{"embeddable":true,"href":"http:\/\/para-agility.nl\/index.php?rest_route=\/wp\/v2\/users\/1"}],"replies":[{"embeddable":true,"href":"http:\/\/para-agility.nl\/index.php?rest_route=%2Fwp%2Fv2%2Fcomments&post=308"}],"version-history":[{"count":6,"href":"http:\/\/para-agility.nl\/index.php?rest_route=\/wp\/v2\/pages\/308\/revisions"}],"predecessor-version":[{"id":1594,"href":"http:\/\/para-agility.nl\/index.php?rest_route=\/wp\/v2\/pages\/308\/revisions\/1594"}],"wp:attachment":[{"href":"http:\/\/para-agility.nl\/index.php?rest_route=%2Fwp%2Fv2%2Fmedia&parent=308"}],"curies":[{"name":"wp","href":"https:\/\/api.w.org\/{rel}","templated":true}]}}