{"id":403,"date":"2022-01-16T14:55:57","date_gmt":"2022-01-16T14:55:57","guid":{"rendered":"http:\/\/wordpress.para-agility.nl\/?page_id=403"},"modified":"2022-01-16T16:03:26","modified_gmt":"2022-01-16T16:03:26","slug":"1th-paragility-world-championship-2002","status":"publish","type":"page","link":"http:\/\/para-agility.nl\/?page_id=403","title":{"rendered":"1th  ParAgility World Championship 2002"},"content":{"rendered":"\n<figure class=\"wp-block-image size-full\"><img loading=\"lazy\" decoding=\"async\" width=\"589\" height=\"165\" src=\"http:\/\/para-agility.nl\/wp-content\/uploads\/2021\/12\/image.png\" alt=\"\" class=\"wp-image-404\" srcset=\"http:\/\/para-agility.nl\/wp-content\/uploads\/2021\/12\/image.png 589w, http:\/\/para-agility.nl\/wp-content\/uploads\/2021\/12\/image-300x84.png 300w\" sizes=\"auto, (max-width: 589px) 100vw, 589px\" \/><\/figure>\n\n\n\n<p>The 1e ParAgility World Cup took place on 6, 7 and 8 September 2002 in Gyula, Hungary together with the 3e International Mix and Breed Championship Agility (IMCA).These worldcups were organised by: Gyulai Kuty\u00e1s Agility Szabadid\u00f5sport Klub and the 1e ParAgility World Cup was set up by mister S\u00e1ndor Alt.<br>I represented the Netherlands in an electric wheelchair together with my dog Quita.When I first heard about this world championship I was very enthusiast. I start trying to find competitors and I send hundreds of e-mails to dog trainingschools and relevant organizations. It was not an easy task to find enough competitors but just a few weeks before the competition was to start I managed to have 10 handlers and 11 dogs willing to participate.<\/p>\n\n\n\n<figure class=\"wp-block-image size-full\"><img loading=\"lazy\" decoding=\"async\" width=\"901\" height=\"591\" src=\"http:\/\/para-agility.nl\/wp-content\/uploads\/2021\/12\/image-1.png\" alt=\"\" class=\"wp-image-405\" srcset=\"http:\/\/para-agility.nl\/wp-content\/uploads\/2021\/12\/image-1.png 901w, http:\/\/para-agility.nl\/wp-content\/uploads\/2021\/12\/image-1-300x197.png 300w, http:\/\/para-agility.nl\/wp-content\/uploads\/2021\/12\/image-1-768x504.png 768w\" sizes=\"auto, (max-width: 767px) 89vw, (max-width: 1000px) 54vw, (max-width: 1071px) 543px, 580px\" \/><figcaption><strong><em>Competitors 1e PAWC 2002 together with judge Carool Dielen<\/em><\/strong><\/figcaption><\/figure>\n\n\n\n<p><strong><em>The following competitors entered this World Cup:<\/em><\/strong><br><\/p>\n\n\n\n<p><strong>Andrea Bracciali<\/strong><br>(walking disability) from Italy<br><strong>Lynn Deerling<\/strong><br>(electric wheelchair) from USA<br><strong>Juan Gramage<\/strong><br>(regular wheelchair) from Spain<br><strong>Eva-Maria Hauer<\/strong><br>(spastic) from Austria<br><strong>Jitka Lebedova<\/strong><br>(poor vision) from Czech Republic<br><strong>Agnes Magayry<\/strong><br>(electric wheelchair) from Hungary<br><strong>Rich\u00e1rd M\u00e1nyik<\/strong><br>(regular wheelchair) from Hungary<br><strong>Susan Rekveld<\/strong><br>(electric wheelchair) from the Netherlands<br><strong>Sara Tagliatie<\/strong><br>(walking disability) from Italy<br><strong>Dragan Zegerac<\/strong><br>(partially paralyzed) from Slovenia<\/p>\n\n\n\n<p>The first time we met each other was at the training in Hungary and this was a very impressive experience. Now we were actually able to see how every handler with his or her specific disability and their dog companions trained agility.We would be able to show the world that even for people with a disability it is possible to participate in such an event and have a lot of fun with our dogs.The respect and support we received from our group as Para- agility competitors as well as from the competitors from IMCA was great.<\/p>\n\n\n\n<figure class=\"wp-block-image size-full\"><img loading=\"lazy\" decoding=\"async\" width=\"783\" height=\"605\" src=\"http:\/\/para-agility.nl\/wp-content\/uploads\/2021\/12\/image-2.png\" alt=\"\" class=\"wp-image-406\" srcset=\"http:\/\/para-agility.nl\/wp-content\/uploads\/2021\/12\/image-2.png 783w, http:\/\/para-agility.nl\/wp-content\/uploads\/2021\/12\/image-2-300x232.png 300w, http:\/\/para-agility.nl\/wp-content\/uploads\/2021\/12\/image-2-768x593.png 768w\" sizes=\"auto, (max-width: 767px) 89vw, (max-width: 1000px) 54vw, (max-width: 1071px) 543px, 580px\" \/><figcaption><strong><em>Dog Quita on the 1e PAWC<\/em><\/strong><\/figcaption><\/figure>\n\n\n\n<p>My dog Quita and I became World Champion in the category large (8 competitors).<br>It is a wonderful feeling, but far more important to me is the recognition of the ParAgility World Cup.The assurance that we will have a second ParAgility World Cup together with the fourth IMCA 2003 in Spain that is for me the biggest prize we have won!<\/p>\n\n\n\n<figure class=\"wp-block-image size-full\"><img loading=\"lazy\" decoding=\"async\" width=\"749\" height=\"493\" src=\"http:\/\/para-agility.nl\/wp-content\/uploads\/2021\/12\/image-3.png\" alt=\"\" class=\"wp-image-407\" srcset=\"http:\/\/para-agility.nl\/wp-content\/uploads\/2021\/12\/image-3.png 749w, http:\/\/para-agility.nl\/wp-content\/uploads\/2021\/12\/image-3-300x197.png 300w\" sizes=\"auto, (max-width: 706px) 89vw, (max-width: 767px) 82vw, 740px\" \/><figcaption><strong><em>A warm welcome at home!<\/em><\/strong><\/figcaption><\/figure>\n\n\n\n<figure class=\"wp-block-image size-full\"><img loading=\"lazy\" decoding=\"async\" width=\"425\" height=\"619\" src=\"http:\/\/para-agility.nl\/wp-content\/uploads\/2021\/12\/image-4.png\" alt=\"\" class=\"wp-image-408\" srcset=\"http:\/\/para-agility.nl\/wp-content\/uploads\/2021\/12\/image-4.png 425w, http:\/\/para-agility.nl\/wp-content\/uploads\/2021\/12\/image-4-206x300.png 206w\" sizes=\"auto, (max-width: 425px) 100vw, 425px\" \/><\/figure>\n\n\n\n<figure class=\"wp-block-image size-full\"><img loading=\"lazy\" decoding=\"async\" width=\"938\" height=\"583\" src=\"http:\/\/para-agility.nl\/wp-content\/uploads\/2021\/12\/image-5.png\" alt=\"\" class=\"wp-image-409\" srcset=\"http:\/\/para-agility.nl\/wp-content\/uploads\/2021\/12\/image-5.png 938w, http:\/\/para-agility.nl\/wp-content\/uploads\/2021\/12\/image-5-300x186.png 300w, http:\/\/para-agility.nl\/wp-content\/uploads\/2021\/12\/image-5-768x477.png 768w\" sizes=\"auto, (max-width: 767px) 89vw, (max-width: 1000px) 54vw, (max-width: 1071px) 543px, 580px\" \/><figcaption><strong><em>Homage from the alderman of sports of the city Amersfoort<br>( by dogshool K.C.Zoys)<\/em><\/strong><\/figcaption><\/figure>\n\n\n\n<p><strong><em>Courses PAWC 2002:<\/em><\/strong><\/p>\n\n\n\n<figure class=\"wp-block-image size-large\"><img loading=\"lazy\" decoding=\"async\" width=\"743\" height=\"1024\" src=\"http:\/\/para-agility.nl\/wp-content\/uploads\/2021\/12\/image-13-743x1024.png\" alt=\"\" class=\"wp-image-419\" srcset=\"http:\/\/para-agility.nl\/wp-content\/uploads\/2021\/12\/image-13-743x1024.png 743w, http:\/\/para-agility.nl\/wp-content\/uploads\/2021\/12\/image-13-218x300.png 218w, http:\/\/para-agility.nl\/wp-content\/uploads\/2021\/12\/image-13-768x1059.png 768w, http:\/\/para-agility.nl\/wp-content\/uploads\/2021\/12\/image-13.png 996w\" sizes=\"auto, (max-width: 706px) 89vw, (max-width: 767px) 82vw, 740px\" \/><\/figure>\n\n\n\n<figure class=\"wp-block-image size-large\"><img loading=\"lazy\" decoding=\"async\" width=\"743\" height=\"1024\" src=\"http:\/\/para-agility.nl\/wp-content\/uploads\/2021\/12\/image-12-743x1024.png\" alt=\"\" class=\"wp-image-418\" srcset=\"http:\/\/para-agility.nl\/wp-content\/uploads\/2021\/12\/image-12-743x1024.png 743w, http:\/\/para-agility.nl\/wp-content\/uploads\/2021\/12\/image-12-218x300.png 218w, http:\/\/para-agility.nl\/wp-content\/uploads\/2021\/12\/image-12-768x1059.png 768w, http:\/\/para-agility.nl\/wp-content\/uploads\/2021\/12\/image-12.png 996w\" sizes=\"auto, (max-width: 706px) 89vw, (max-width: 767px) 82vw, 740px\" \/><\/figure>\n\n\n\n<p><strong><em>Winners Total Results 2nd ParAgility World Cup 2004:<\/em><\/strong><\/p>\n\n\n\n<figure class=\"wp-block-image size-full\"><img loading=\"lazy\" decoding=\"async\" width=\"508\" height=\"263\" src=\"http:\/\/para-agility.nl\/wp-content\/uploads\/2021\/12\/image-6.png\" alt=\"\" class=\"wp-image-410\" srcset=\"http:\/\/para-agility.nl\/wp-content\/uploads\/2021\/12\/image-6.png 508w, http:\/\/para-agility.nl\/wp-content\/uploads\/2021\/12\/image-6-300x155.png 300w\" sizes=\"auto, (max-width: 508px) 100vw, 508px\" \/><figcaption><strong><em>1th Small: Juan Gramage &amp; Mora ( Spain)<\/em><\/strong><br><br><br><\/figcaption><\/figure>\n\n\n\n<figure class=\"wp-block-image size-full\"><img loading=\"lazy\" decoding=\"async\" width=\"593\" height=\"263\" src=\"http:\/\/para-agility.nl\/wp-content\/uploads\/2021\/12\/image-7.png\" alt=\"\" class=\"wp-image-411\" srcset=\"http:\/\/para-agility.nl\/wp-content\/uploads\/2021\/12\/image-7.png 593w, http:\/\/para-agility.nl\/wp-content\/uploads\/2021\/12\/image-7-300x133.png 300w\" sizes=\"auto, (max-width: 593px) 100vw, 593px\" \/><figcaption><strong><em>2th Small: Lynn Deering &amp; Fly ( U.S.A.)<\/em><\/strong><\/figcaption><\/figure>\n\n\n\n<figure class=\"wp-block-image size-full\"><img loading=\"lazy\" decoding=\"async\" width=\"405\" height=\"341\" src=\"http:\/\/para-agility.nl\/wp-content\/uploads\/2021\/12\/image-8.png\" alt=\"\" class=\"wp-image-412\" srcset=\"http:\/\/para-agility.nl\/wp-content\/uploads\/2021\/12\/image-8.png 405w, http:\/\/para-agility.nl\/wp-content\/uploads\/2021\/12\/image-8-300x253.png 300w\" sizes=\"auto, (max-width: 405px) 100vw, 405px\" \/><figcaption><strong><em>1th Medium: Sara Tagliat\u00ed &amp; Kelly (Italy)<\/em><\/strong><\/figcaption><\/figure>\n\n\n\n<figure class=\"wp-block-image size-full\"><img loading=\"lazy\" decoding=\"async\" width=\"380\" height=\"283\" src=\"http:\/\/para-agility.nl\/wp-content\/uploads\/2021\/12\/image-9.png\" alt=\"\" class=\"wp-image-413\" srcset=\"http:\/\/para-agility.nl\/wp-content\/uploads\/2021\/12\/image-9.png 380w, http:\/\/para-agility.nl\/wp-content\/uploads\/2021\/12\/image-9-300x223.png 300w\" sizes=\"auto, (max-width: 380px) 100vw, 380px\" \/><figcaption><em><strong>1th Large: Susan Rekveld &amp; Quita (the Netherlands)<\/strong><\/em><\/figcaption><\/figure>\n\n\n\n<figure class=\"wp-block-image size-full\"><img loading=\"lazy\" decoding=\"async\" width=\"443\" height=\"285\" src=\"http:\/\/para-agility.nl\/wp-content\/uploads\/2021\/12\/image-10.png\" alt=\"\" class=\"wp-image-414\" srcset=\"http:\/\/para-agility.nl\/wp-content\/uploads\/2021\/12\/image-10.png 443w, http:\/\/para-agility.nl\/wp-content\/uploads\/2021\/12\/image-10-300x193.png 300w\" sizes=\"auto, (max-width: 443px) 100vw, 443px\" \/><figcaption><em><strong>2th Large: Jitka Lebodova &amp; Harry (Czech Republic)<\/strong><\/em><\/figcaption><\/figure>\n\n\n\n<figure class=\"wp-block-image size-full\"><img loading=\"lazy\" decoding=\"async\" width=\"364\" height=\"280\" src=\"http:\/\/para-agility.nl\/wp-content\/uploads\/2021\/12\/image-11.png\" alt=\"\" class=\"wp-image-415\" srcset=\"http:\/\/para-agility.nl\/wp-content\/uploads\/2021\/12\/image-11.png 364w, http:\/\/para-agility.nl\/wp-content\/uploads\/2021\/12\/image-11-300x231.png 300w\" sizes=\"auto, (max-width: 364px) 100vw, 364px\" \/><figcaption><em><strong>3th Large: Dragan Zegerac &amp; Sana (Slovenia)<\/strong><\/em><\/figcaption><\/figure>\n\n\n\n<ul class=\"wp-block-list\"><li><a href=\"http:\/\/para-agility.nl\/?page_id=646\"><strong>Back to Page: Information all PAWC<\/strong><\/a><\/li><\/ul>\n","protected":false},"excerpt":{"rendered":"<p>The 1e ParAgility World Cup took place on 6, 7 and 8 September 2002 in Gyula, Hungary together with the 3e International Mix and Breed Championship Agility (IMCA).These worldcups were organised by: Gyulai Kuty\u00e1s Agility Szabadid\u00f5sport Klub and the 1e ParAgility World Cup was set up by mister S\u00e1ndor Alt.I represented the Netherlands in an &hellip; <\/p>\n<p class=\"link-more\"><a href=\"http:\/\/para-agility.nl\/?page_id=403\" class=\"more-link\">Lees verder <span class=\"screen-reader-text\">&#8220;1th  ParAgility World Championship 2002&#8221;<\/span><\/a><\/p>\n","protected":false},"author":1,"featured_media":0,"parent":0,"menu_order":0,"comment_status":"closed","ping_status":"closed","template":"","meta":{"footnotes":""},"class_list":["post-403","page","type-page","status-publish","hentry"],"_links":{"self":[{"href":"http:\/\/para-agility.nl\/index.php?rest_route=\/wp\/v2\/pages\/403","targetHints":{"allow":["GET"]}}],"collection":[{"href":"http:\/\/para-agility.nl\/index.php?rest_route=\/wp\/v2\/pages"}],"about":[{"href":"http:\/\/para-agility.nl\/index.php?rest_route=\/wp\/v2\/types\/page"}],"author":[{"embeddable":true,"href":"http:\/\/para-agility.nl\/index.php?rest_route=\/wp\/v2\/users\/1"}],"replies":[{"embeddable":true,"href":"http:\/\/para-agility.nl\/index.php?rest_route=%2Fwp%2Fv2%2Fcomments&post=403"}],"version-history":[{"count":5,"href":"http:\/\/para-agility.nl\/index.php?rest_route=\/wp\/v2\/pages\/403\/revisions"}],"predecessor-version":[{"id":1407,"href":"http:\/\/para-agility.nl\/index.php?rest_route=\/wp\/v2\/pages\/403\/revisions\/1407"}],"wp:attachment":[{"href":"http:\/\/para-agility.nl\/index.php?rest_route=%2Fwp%2Fv2%2Fmedia&parent=403"}],"curies":[{"name":"wp","href":"https:\/\/api.w.org\/{rel}","templated":true}]}}